the prime factors of y.
2, 7
Let t(r) = -29*r - 76. Let n(w) = 10*w + 25. Suppose 8 - 28 = 10*i. Let q(x) = i*t(x) - 7*n(x). List the prime factors of q(-10).
97
Let l be (9/(-2))/(3/(-36)). Let v be 153/l - 3/(-18). Suppose -y = -5*b - 98, -v*b + 2*b = -2*y + 160. List the prime factors of y.
2, 3, 13
Let d(f) = -f**2 + 172*f - 141. What are the prime factors of d(91)?
2, 3, 5, 241
Let y(s) = -62*s + 7*s + 3*s - 13*s - 42. What are the prime factors of y(-4)?
2, 109
Let m = 569 + 343. Suppose 27*x + m = 30*x. What are the prime factors of x?
2, 19
Suppose -62 = 2*v + 254. Let b = v + 316. List the prime factors of b.
2, 79
Let t(l) = -46*l - 43*l + 26*l - 134*l. What are the prime factors of t(-2)?
2, 197
List the prime factors of (12 - 4)/(-1) + 11243.
3, 5, 7, 107
Suppose -z - 8 = -i - 27, -4*z + 3*i = -74. Let g(d) = d**2 - 6*d + 1. What are the prime factors of g(z)?
2, 47
Let d = -15874 + 30393. What are the prime factors of d?
14519
Suppose 5*s - 4*k = -14 - 5, -20 = 5*k. Let v(g) = g**3 + 9*g**2 - 7*g + 6. Let b be v(s). Let w = b + -97. What are the prime factors of w?
2, 7
Suppose -47*q - 101444 = -5*b - 45*q, -2*q + 6 = 0. List the prime factors of b.
2, 5, 2029
Let z(d) = 3*d**3 + 35*d**2 - 296*d - 62. What are the prime factors of z(18)?
2, 19, 617
Let h(m) be the second derivative of -m**5/4 + 5*m**4/12 + 5*m**3/3 + 7*m**2/2 + 4*m - 7. What are the prime factors of h(-3)?
157
Let m = 569 - -1504. What are the prime factors of m?
3, 691
Suppose -l + 5*q = 0, 5*q - 8 = -3. Suppose -5*p + 58 = l*n + 8, -p + 12 = 2*n. What are the prime factors of (-23)/(-7) - (p/7)/4?
3
List the prime factors of (-5042)/(-4) + 2/(-2) + 6/4.
13, 97
Let x = -23 - -20. Let m be ((-132)/9 + 0)*x*8. List the prime factors of (m/(-12))/((-2)/6).
2, 11
Suppose 16 = 4*m, 2*f = f - 4*m + 73. Suppose -38*u + 171 = -399. What are the prime factors of (-6)/u - (-4)/20*f?
11
Suppose 2*f = 2*x - 52762, -6*x + 3*f = -x - 131921. List the prime factors of x.
11, 2399
What are the prime factors of 18373 - (-13 + 22) - -2?
2, 3, 3061
Let t(o) = 7*o**3 - o**2 + 2*o - 1. Let l be t(2). Let b = 55 - l. What are the prime factors of (19/2 + b)*10?
5, 19
Suppose n = 28*t - 25*t + 24538, 2*n + 2*t - 49116 = 0. What are the prime factors of n?
43, 571
Let b = -145 - -159. Suppose -2*j = -b*j + 4068. List the prime factors of j.
3, 113
Suppose -4*k = 3*a - 1 - 23, 3*k - 29 = -5*a. Suppose -13950 = 5*f - o - 4*o, 3*f - a*o = -8370. What are the prime factors of (-1)/(12/f)*8/10?
2, 3, 31
Let u(n) = 7*n**2 + 12*n - 509. List the prime factors of u(-31).
2, 37, 79
Suppose 13*r - 5*r - 5352 = 0. Suppose 5*a - 2*x + 1715 - 5075 = 0, -x - r = -a. What are the prime factors of a?
2, 337
Let w = 22918 - 17244. What are the prime factors of w?
2, 2837
Suppose 13845 = 25*l - 89905. What are the prime factors of l?
2, 5, 83
Let d = -46 + 56. List the prime factors of (d*(-3)/6)/((-6)/1188).
2, 3, 5, 11
Let p(x) = 24*x**2 - 8*x - 4. Let r be (-16)/(-6)*(6 + 36/(-8)). What are the prime factors of p(r)?
2, 3, 29
Suppose 24 = -4*z, -2*z + 48018 + 63250 = 5*o. List the prime factors of o.
2, 13, 107
List the prime factors of ((7130/8)/5)/((-39)/(-780)).
5, 23, 31
Let p = 1650 + -86. List the prime factors of p.
2, 17, 23
Let r(n) = 2*n + 19. Let l be r(-12). Let w be l*1 - (5 + -10). Suppose w = -a + 4*y + 84, 5*a - a = 5*y + 281. What are the prime factors of a?
2
Let a(z) = -2*z**2 - 27*z - 136. Let r(o) = 3*o**2 + 53*o + 271. Let i(s) = -5*a(s) - 2*r(s). What are the prime factors of i(-16)?
2, 349
Suppose 19807 = -24*q + 70231. List the prime factors of q.
11, 191
Let d(f) = 923*f**3 + 8*f**2 - 3*f + 26. What are the prime factors of d(4)?
2, 3, 71, 139
Suppose -496 = -8*g + 4*g. Let d = g - -160. List the prime factors of d.
2, 71
Suppose 3*c - 4*w = -5, 5*c + 3*w = 42 - 2. Suppose -2*s = k - 6*s - 465, -1480 = -3*k - c*s. What are the prime factors of k?
5, 97
Let d = -7 - -9. Suppose 43 = -3*x - d*v - 37, -2*v = -3*x - 88. What are the prime factors of -3 + 4 - (x + -4 + 3)?
2, 3, 5
Suppose -255 = -5*n + 5*i, 3*n + 2*n - 3*i = 257. Suppose -18*x = -14*x + 2*r - n, -3*r - 30 = -3*x. List the prime factors of x.
2, 3
Let i = 8 + -2. Let a(s) = -s**3 + 8*s**2 - 8*s - 7. List the prime factors of a(i).
17
Let z(d) = -1628*d + 13. Let s be z(-1). Suppose 12*a - s = 9*a. What are the prime factors of a?
547
Let h(l) be the first derivative of l**3/3 + l**2 - 6*l - 12. Let w be h(0). What are the prime factors of 195*(3 - ((-34)/w - 3))?
5, 13
Suppose 9 = 2*f + 5*d, -3*d + 1 = -2*d. Let m(v) = 51*v**3 + 7*v**2 - 9*v + 1. What are the prime factors of m(f)?
419
Suppose -56*o - 64632 = -388503 - 486561. List the prime factors of o.
2, 3, 67
Let u be (-12)/(-12) - 33*1 - 0. List the prime factors of u/(-28)*2247/6.
2, 107
Let o(j) = 11*j - 24. Let z be o(5). Let l = 311 - z. List the prime factors of l.
2, 5, 7
Let s = -182111 - -258681. What are the prime factors of s?
2, 5, 13, 19, 31
Let k(x) = -2*x + 10. Let a be k(2). Let b = 42 - a. Suppose -d + b = s, 0*s = 3*s - 4*d - 73. What are the prime factors of s?
31
Suppose 3*k - 7*k - 3168 = -y, 4*y - 12672 = 3*k. What are the prime factors of y?
2, 3, 11
Let w be 29440/15 + (-8)/12. Suppose -w = -33*t + 30*t. List the prime factors of t.
2, 3, 109
Suppose 0 = -9*w + 6*w + 120. Suppose -3*x = -5*l, -11 = 2*l + 2*x - x. Let z = l + w. What are the prime factors of z?
37
What are the prime factors of (-6 + 67221/(-28))*(-8)/2?
3, 3209
Let u(l) = -23*l - 25 + 14*l**2 - 3*l**2 + 75 - 8*l**2. List the prime factors of u(12).
2, 103
List the prime factors of (-4)/34 + (-21822184)/(-2584).
3, 5, 563
Let a be ((-104)/39)/(5/(15/(-2))). Suppose 0*r + 4644 = a*o + r, 4*r = 0. List the prime factors of o.
3, 43
Suppose -37*p = 33*p + 28*p - 346724. List the prime factors of p.
2, 29, 61
Suppose 3*n - 6*n = -426 - 30. What are the prime factors of n?
2, 19
Suppose -6*k + k + 4*l = -29, -k - 4*l = -1. Suppose -51 = k*q - 61. Suppose -381 = -5*m + q*m. What are the prime factors of m?
127
Let q(w) = 4*w + 13. Suppose 3*x = 4*x - 0*x. Let l be q(x). Suppose -740 = -l*r - 168. What are the prime factors of r?
2, 11
Let r = -946 + 13713. What are the prime factors of r?
17, 751
Suppose 0 = 2*w + f - 9794, 31*w + 19570 = 35*w + 5*f. List the prime factors of w.
2, 5, 7
Let b(z) = -z**3 + 29*z**2 + 19*z - 10. Let v be b(15). Suppose 3418 = 4*u - 2*f, -4*u + v = 12*f - 7*f. List the prime factors of u.
3, 5, 19
Suppose -5*l + 33840 = 5*l. Suppose -j = -4*w + 6087, -j = 2*w + 333 - l. List the prime factors of w.
1523
Let y = 37565 + 1873. What are the prime factors of y?
2, 3, 7, 313
Let j be (5/3 - 1)/((-22)/(-165)). Suppose -j*m + 4899 = -11*a + 7*a, a + 1962 = 2*m. List the prime factors of m.
983
List the prime factors of (23 + -2)*((-114520)/(-21))/8.
5, 7, 409
Let v(q) = -5*q + 11. Let s = -25 + -1. What are the prime factors of v(s)?
3, 47
Let n(l) = 16*l - 5. Let h(f) = f - 1. Suppose b = 17 - 19. Let y(s) = b*h(s) - n(s). List the prime factors of y(-4).
79
List the prime factors of 1/((-78)/(-247)*19 - (-550426)/(-91738)).
45869
Suppose 4*q - 334 = -4*d - 34, q - 84 = 2*d. Let j be ((-2)/6)/(3/(-63)). Suppose -4*l + j*l - q = 0. List the prime factors of l.
2, 13
Let g(t) be the first derivative of 37*t**3/3 - 6*t**2 - 2*t + 14. List the prime factors of g(-3).
367
Let c be 9/(-3) + (14 - 8). Suppose 7*k - 21 = 4*k + c*o, 0 = -5*o - 5. Let i(q) = 7*q - 2. What are the prime factors of i(k)?
2, 5
Let t = -33288 + 64273. List the prime factors of t.
5, 6197
Let m(u) = 1469*u - 7493. What are the prime factors of m(7)?
2, 3, 5, 31
Suppose 7*l + 8 = 5*l. Let w(u) = 5*u + 22. Let x be w(l). Suppose 4*j - 336 = -x*j. What are the prime factors of j?
2, 7
Let o(f) = 10*f**2 + 6*f - 10. Let q be o(5). Suppose -268*m + q*m - 2838 = 0. Suppose 0*z - 11*z = -m. List the prime factors of z.
3, 43
Let a = 176 - -2603. Suppose 132*z + a = 139*z. List the prime factors of z.
397
Let l(h) = 6817*h + 11. Let s be l(2). Suppose 3511 = -6*w + s. List the prime factors of w.
3, 563
List the prime factors of (-9)/((-189)/12) + (-10638940)/(-581).
2, 3, 7, 109
Suppose 41*x + 112*x = 970632. List the prime factors of x.
2, 13, 61
Suppose 0 = -10*n + 17*n - 56. Suppose 1